 u(j) = 140*j + 4755. Give u(-32).
275
Let c(m) = m**3 - 129*m**2 - 1547*m + 30. Give c(140).
-950
Let c(q) = -q**3 + 24*q**2 + 199*q + 201. Calculate c(-11).
2247
Let l(r) = -43*r**3 + 2481*r**2 - 1717*r + 400. Calculate l(57).
1
Let a(u) = 122*u**2 - 230*u - 35. Determine a(4).
997
Let o(h) = 271*h - 32352. Calculate o(119).
-103
Let d(f) = 2*f**3 + 36*f**2 - 32*f - 118. Give d(-17).
1004
Let i(v) = -2*v**3 - 17*v**2 + 430*v + 3419. Determine i(-8).
-85
Let w(q) = -15*q**2 + 873*q - 1839. What is w(56)?
9
Let k(w) = 72*w**2 + 301*w - 111. Determine k(-4).
-163
Let j(y) = -y**3 + 112*y**2 + 3750*y + 479. Calculate j(139).
62
Let y(d) = 1986*d - 2305. Determine y(1).
-319
Let r(m) = m**3 - 5*m**2 - 3303*m + 23058. Give r(7).
35
Let i(f) = 2*f**3 - 485*f**2 + 245*f - 726. Give i(242).
0
Let l(k) = 21093*k - 801512. What is l(38)?
22
Let b(u) = -4177*u + 760200. Calculate b(182).
-14
Let w(i) = -3231*i + 426480. Calculate w(132).
-12
Let k(v) = -v**2 + 269199*v + 9961767. Determine k(-37).
35
Let p(v) = -60839*v + 1399313. Give p(23).
16
Let c(y) = -4*y**3 + 2435*y**2 + 3*y - 5. Give c(0).
-5
Let k(f) = -44*f**2 + 9722*f - 109935. What is k(209)?
-1
Let g(b) = -b**3 + 82*b**2 + 96*b - 1097. Determine g(83).
-18
Let v(m) = -m**2 + 170*m - 2397. Determine v(19).
472
Let w(o) = o**3 + 34*o**2 + 226*o - 86. What is w(-29)?
-2435
Let b(r) = -1848*r - 326. Determine b(-1).
1522
Let i(h) = h**3 + 82*h**2 + 993*h + 89279. Give i(-83).
-29
Let n(u) = 38*u**2 + 13*u - 1. What is n(-6)?
1289
Let t(q) = 5481*q + 931819. Determine t(-170).
49
Let o(z) = -87458*z - 2623733. Give o(-30).
7
Let j(d) = 8*d**3 + 35*d**2 + 21*d + 63. Determine j(-4).
27
Let o(t) = 2*t**2 - 15780*t - 157675. What is o(-10)?
325
Let g(t) = -6*t**3 + 56*t**2 - 108*t + 358. Determine g(8).
6
Let q(t) = 35*t**2 - 6*t - 68. What is q(-5)?
837
Let k(j) = 892*j - 243. Determine k(1).
649
Let i(f) = -133*f**3 - 1080*f**2 - 656*f - 4218. Calculate i(-8).
6
Let b(m) = -799*m + 5609. Give b(5).
1614
Let q(t) = -t**3 + 540*t**2 + 854*t - 750845. Calculate q(539).
-18
Let v(c) = -1057*c + 643715. Calculate v(609).
2
Let b(w) = w**3 - 11*w**2 - 1090*w + 5604. Give b(5).
4
Let r(i) = -3*i**2 + 316*i + 11675. Calculate r(-29).
-12
Let t(x) = -3695*x - 4844. Calculate t(-1).
-1149
Let h(c) = -c**3 - 304*c**2 - 2395*c + 79. Calculate h(-8).
295
Let y(i) = -35*i**2 + 1324*i + 271. Calculate y(39).
-1328
Let n(f) = -1738*f - 66201. What is n(-38)?
-157
Let m(o) = 5*o**2 + 12019*o + 36001. What is m(-3)?
-11
Let b(u) = -9*u**2 + 54*u + 882. Determine b(14).
-126
Let h(m) = m**3 - 84*m**2 - 240*m + 5243. What is h(86)?
-605
Let v(x) = 222*x**2 - 455*x - 642. Give v(3).
-9
Let q(s) = s**2 - 3215*s - 153291. What is q(-47)?
23
Let y(j) = 5*j**3 - 120*j**2 - 165*j + 3845. Calculate y(24).
-115
Let n(g) = 18*g**2 - 5*g - 1199. Determine n(-8).
-7
Let a(p) = -p**3 + 513*p**2 - 21814*p - 4135. What is a(47)?
1
Let c(j) = -20869*j - 1043261. What is c(-50)?
189
Let p(j) = -236*j**2 - 1654*j + 201. Determine p(-7).
215
Let c(h) = -2781*h + 598. What is c(1)?
-2183
Let t(m) = -700*m**3 - 473*m**2 + 473*m - 1. What is t(1)?
-701
Let j(v) = 401*v + 10441. Calculate j(-26).
15
Let p(l) = 11484*l**2 + 114838*l - 20. Give p(-10).
0
Let r(h) = 4721*h - 8622. Calculate r(2).
820
Let k(c) = 2284*c - 9019. What is k(5)?
2401
Let s(f) = 50*f**2 + 55*f - 1510. Calculate s(5).
15
Let j(h) = -23120*h - 739850. Determine j(-32).
-10
Let r(m) = 4*m**2 + 205*m - 148. What is r(-60)?
1952
Let o(b) = -1735*b + 364359. What is o(210)?
9
Let a(p) = p**3 + 25*p**2 - 67*p + 271. Determine a(-27).
622
Let y(x) = 10*x**2 - 2887*x - 870. Give y(289).
-3
Let y(b) = 4*b**3 + 25*b**2 - 47*b - 372. Calculate y(-6).
-54
Let u(b) = -3295*b**2 + b + 93. Give u(0).
93
Let q(d) = 6*d**2 - 937662*d + 1875319. What is q(2)?
19
Let u(g) = -4*g**3 - 573*g**2 + 424*g - 450. Determine u(-144).
702
Let z(f) = 92*f**2 - 625*f + 46. What is z(7)?
179
Let y(h) = 18797*h - 5789484. Give y(308).
-8
Let w(t) = -t**3 + 23*t**2 - 78*t + 707. Calculate w(19).
669
Let l(z) = 5*z**2 + 648*z + 20571. Give l(-72).
-165
Let d(f) = 688*f + 815. Determine d(-2).
-561
Let f(i) = -25*i**2 - 528*i - 88. Determine f(-23).
-1169
Let v(m) = -158072*m + 9800457. What is v(62)?
-7
Let f(h) = -169*h**2 - 2402*h - 127. What is f(-14)?
377
Let x(l) = 431*l**2 + 18519*l - 620. Give x(-43).
-18
Let l(j) = 4203*j + 408590. Give l(-97).
899
Let l(o) = -o**3 - 16*o**2 - 112*o - 340. What is l(-10)?
180
Let a(m) = m**2 - 217*m - 23042. Give a(298).
1096
Let g(v) = -63*v**2 + 2368*v - 7674. Give g(34).
10
Let b(d) = -d**2 + 52*d + 192. What is b(45)?
507
Let h(w) = -45*w**2 - 357*w + 35. Give h(-7).
329
Let t(l) = -15*l**3 - 107*l**2 + 12*l + 38. Calculate t(-7).
-144
Let d(o) = -6*o**2 - 924*o + 123. Calculate d(-154).
123
Let y(d) = -4748*d - 1153768. Give y(-243).
-4
Let q(j) = -8*j**3 - 7*j**2 - 73*j + 205. Give q(4).
-711
Let a(v) = 14704*v + 838122. Determine a(-57).
-6
Let i(n) = 5*n**3 + n**2 - 144*n - 58. Determine i(6).
194
Let m(p) = -2*p**3 - 22*p**2 + 328*p + 2985. What is m(-8)?
-23
Let l(o) = -23*o**2 - 272*o + 16. Give l(-10).
436
Let k(x) = -5*x**3 - 30*x**2 + 19. Calculate k(-10).
2019
Let x(g) = 10*g**3 + 57*g**2 - 310*g - 1771. Determine x(-6).
-19
Let m(r) = r**2 + 215*r - 4613. Give m(19).
-167
Let p(y) = -4*y**2 - 144*y - 797. Determine p(-7).
15
Let f(m) = 11*m**3 - 5*m**2 - 33*m - 60. What is f(-2)?
-102
Let j(d) = -17339*d + 8097298. What is j(467)?
-15
Let y(a) = 2*a**3 - 45*a**2 + 397*a - 8044. Calculate y(22).
206
Let f(u) = -36*u - 943. Determine f(-20).
-223
Let p(i) = -i**3 + 32*i**2 - 171*i - 314. Calculate p(9).
10
Let t(z) = 2*z**2 + 1392*z + 6941. Determine t(-5).
31
Let q(i) = 2*i**2 + 814*i - 12555. Determine q(18).
2745
Let k(n) = -5764*n + 357386. What is k(62)?
18
Let g(h) = 4*h**2 - 3388*h + 159393. Give g(50).
-7
Let b(n) = -931*n - 5776. Determine b(-3).
-2983
Let g(y) = -y**3 + 57*y**2 - 229*y + 628. Determine g(55).
-5917
Let n(l) = -6*l**3 - 54*l**2 - 275*l - 999. What is n(-6)?
3
Let b(y) = -164227*y + 164227. Calculate b(1).
0
Let c(u) = -u**3 - 199*u**2 - 9907*u - 8720. Determine c(-90).
10
Let t(w) = -203*w**2 + 15423*w + 459. Give t(76).
79
Let i(f) = -7*f**3 - 211*f**2 + 772*f - 4978. What is i(-34)?
-14
Let k(j) = -j**2 + 427880*j + 4706795. Give k(-11).
-6
Let p(m) = 2*m**3 - 24*m**2 - 420*m + 887. Give p(21).
5
Let u(f) = f**3 + 70*f**2 - 148*f - 369. Calculate u(-72).
-81
Let s(o) = o**3 - 22*o**2 - 166*o + 488. Give s(3).
-181
Let a(z) = 1778*z + 37361. Determine a(-21).
23
Let a(q) = 2*q**2 - 17*q + 212. Give a(-22).
1554
Let s(r) = -r**3 - 213*r**2 - 2427*r - 145. What is s(-12)?
35
Let z(f) = -f**3 + 367*f**2 - 6789*f - 52402. Give z(347).
-5
Let c(o) = -o**2 - 1192*o + 654808. Determine c(409).
-1
Let l(g) = g**3 + 112*g**2 + 102*g - 475. Determine l(-111).
524
Let v(u) = -2*u**3 + 5*u**2 + 1116*u - 4516. Give v(4).
-100
Let t(h) = -h**3 - 1013*h**2 + 2507*h - 1587529. Give t(-1017).
8
Let j(d) = d**3 - 18*d**2 + 1971*d - 42754. What is j(21)?
-40
Let i(u) = -3625*u - 199393. Determine i(-55).
-18
Let g(p) = 2*p**2 - 103*p - 1306. Give g(-14).
528
Let o(l) = 10007*l - 20319. What is o(2)?
-305
Let p(w) = -16*w**3 - 25*w**2 + 106*w - 9. Give p(4).
-1009
Let w(n) = 201*n - 732. Calculate w(5).
273
Let m(t) = 2442*t + 442001. Determine m(-181).
-1
Let c(h) = -h**3 - 166*h**2 + 656*h - 4061. What is c(-170)?
19
Let a(i) = 27*i**2 + 500*i - 764. Calculate a(-20).
36
Let b(m) = 1346*m + 426678. Give b(-317).
-4
Let n(l) = 1814*l - 1730551. Calculate n(954).
5
Let m(x) = 514*x + 796. Calculate m(-4).
-1260
Let g(p) = 823*p**2 - 5074*p + 13. What is g(7)?
4822
Let g(n) = n**3 + 32*n**2 - 420*n + 5. What is g(-42)?
5
Let c(g) = 30*g**2 + 4417*g + 34319. Give c(-139).
-14
Let t(m) = -8956*m - 268692. Calculate t(-30).
-12
Let g(a) = a**3 + 63*a**2 + 196*a + 21199. Give g(-65).
9
Let o(z) = 32*z**3 - 3169*z**2 + 89*z + 45. Determine o(99).
-945
Let p(r) = 17*r**2 - 124*r + 25. Give p(7).
-10
Let b(y) = -43*y**3 - 6*y**2 - 38*y - 64. Determine b(-2).
332
Let i(y) = 884822*y + 18581257. Determine i(-21).
-5
Let a(x) = x**3 - 83*x**2 + 69*x + 930. Give a(-3).
-51
Let j(i) = -13*i**2 - 4036*i - 5954. What is j(-309)?
-83
Let v(z) = 2*